t of 44352?
4
What is the thousands digit of 1303?
1
What is the ten thousands digit of 32091?
3
What is the units digit of 462?
2
What is the hundreds digit of 5299?
2
What is the units digit of 6491?
1
What is the hundred thousands digit of 131476?
1
What is the hundreds digit of 345?
3
What is the hundreds digit of 1786?
7
What is the thousands digit of 11807?
1
What is the thousands digit of 6466?
6
What is the hundreds digit of 82848?
8
What is the units digit of 25148?
8
What is the units digit of 977?
7
What is the tens digit of 6116?
1
What is the tens digit of 4258?
5
What is the thousands digit of 63946?
3
What is the hundreds digit of 33766?
7
What is the tens digit of 38096?
9
What is the units digit of 689?
9
What is the units digit of 11432?
2
What is the units digit of 9508?
8
What is the hundreds digit of 203?
2
What is the tens digit of 33?
3
What is the thousands digit of 26613?
6
What is the thousands digit of 4216?
4
What is the thousands digit of 2448?
2
What is the units digit of 1192?
2
What is the hundreds digit of 2957?
9
What is the hundreds digit of 16887?
8
What is the thousands digit of 13515?
3
What is the units digit of 17399?
9
What is the tens digit of 89466?
6
What is the hundreds digit of 4211?
2
What is the tens digit of 34231?
3
What is the ten thousands digit of 10478?
1
What is the units digit of 67?
7
What is the hundreds digit of 57735?
7
What is the units digit of 1573?
3
What is the tens digit of 2665?
6
What is the tens digit of 262?
6
What is the hundreds digit of 4428?
4
What is the units digit of 941?
1
What is the hundreds digit of 13136?
1
What is the hundreds digit of 20715?
7
What is the hundreds digit of 3612?
6
What is the thousands digit of 24238?
4
What is the tens digit of 11434?
3
What is the ten thousands digit of 13291?
1
What is the hundreds digit of 26885?
8
What is the units digit of 3182?
2
What is the units digit of 3248?
8
What is the units digit of 2801?
1
What is the tens digit of 56644?
4
What is the tens digit of 28?
2
What is the tens digit of 6321?
2
What is the tens digit of 9480?
8
What is the tens digit of 945?
4
What is the units digit of 1781?
1
What is the hundreds digit of 3324?
3
What is the units digit of 1396?
6
What is the hundreds digit of 4686?
6
What is the tens digit of 8515?
1
What is the hundreds digit of 16263?
2
What is the tens digit of 299?
9
What is the units digit of 1047?
7
What is the hundreds digit of 826?
8
What is the units digit of 83746?
6
What is the ten thousands digit of 21639?
2
What is the tens digit of 24859?
5
What is the tens digit of 1421?
2
What is the tens digit of 3393?
9
What is the units digit of 691?
1
What is the hundreds digit of 2308?
3
What is the units digit of 46752?
2
What is the thousands digit of 14088?
4
What is the hundreds digit of 3772?
7
What is the units digit of 1511?
1
What is the tens digit of 85776?
7
What is the thousands digit of 1668?
1
What is the units digit of 1249?
9
What is the ten thousands digit of 57594?
5
What is the units digit of 76123?
3
What is the hundreds digit of 7551?
5
What is the hundreds digit of 808?
8
What is the units digit of 21758?
8
What is the tens digit of 20782?
8
What is the units digit of 1127?
7
What is the ten thousands digit of 10798?
1
What is the thousands digit of 16040?
6
What is the thousands digit of 28282?
8
What is the ten thousands digit of 74788?
7
What is the hundreds digit of 23100?
1
What is the hundreds digit of 5525?
5
What is the thousands digit of 26743?
6
What is the hundreds digit of 17215?
2
What is the units digit of 2613?
3
What is the tens digit of 9769?
6
What is the tens digit of 587?
8
What is the units digit of 7515?
5
What is the hundreds digit of 43228?
2
What is the tens digit of 2679?
7
What is the hundreds digit of 34686?
6
What is the thousands digit of 1726?
1
What is the tens digit of 43867?
6
What is the units digit of 659?
9
What is the tens digit of 6639?
3
What is the tens digit of 4330?
3
What is the hundreds digit of 629?
6
What is the tens digit of 1710?
1
What is the thousands digit of 79190?
9
What is the units digit of 66266?
6
What is the tens digit of 6623?
2
What is the hundreds digit of 11072?
0
What is the units digit of 32906?
6
What is the units digit of 193296?
6
What is the hundreds digit of 3963?
9
What is the units digit of 412?
2
What is the tens digit of 1263?
6
What is the tens digit of 191?
9
What is the ten thousands digit of 32262?
3
What is the tens digit of 899?
9
What is the hundreds digit of 1400?
4
What is the units digit of 15633?
3
What is the units digit of 7103?
3
What is the hundred thousands digit of 105370?
1
What is the hundreds digit of 2738?
7
What is the hundreds digit of 2708?
7
What is the tens digit of 546?
4
What is the tens digit of 15256?
5
What is the units digit of 1571?
1
What is the tens digit of 51?
5
What is the hundreds digit of 751?
7
What is the tens digit of 43?
4
What is the tens digit of 2409?
0
What is the units digit of 22391?
1
What is the units digit of 587?
7
What is the hundreds digit of 265?
2
What is the thousands digit of 7327?
7
What is the thousands digit of 1474?
1
What is the tens digit of 1650?
5
What is the thousands digit of 1333?
1
What is the units digit of 274?
4
What is the tens digit of 852?
5
What is the units digit of 56833?
3
What is the ten thousands digit of 50048?
5
What is the tens digit of 21935?
3
What is the ten thousands digit of 41183?
4
What is the units digit of 3359?
9
What is the units digit of 1217?
7
What is the hundreds digit of 168?
1
What is the hundreds digit of 1200?
2
What is the tens digit of 811?
1
What is the hundreds digit of 4940?
9
What is the ten thousands digit of 52597?
5
What is the hundreds digit of 5924?
9
What is the hundreds digit of 2497?
4
What is the tens digit of 506?
0
What is the units digit of 84734?
4
What is the units digit of 897?
7
What is the hundreds digit of 5413?
4
What is the hundreds digit of 2041?
0
What is the hundreds digit of 2413?
4
What is the units digit of 16?
6
What is the tens digit of 157?
5
What is the tens digit of 41?
4
What is the hundreds digit of 191?
1
What is the hundreds digit of 29707?
7
What is the units digit of 48178?
8
What is the hundreds digit of 1672?
6
What is the tens digit of 7040?
4
What is the thousands digit of 184238?
4
What is the hundreds digit of 370?
3
What is the hundreds digit of 1054?
0
What is the tens digit of 46586?
8
What is the tens digit of 1908?
0
What is the tens digit of 130?
3
What is the units digit of 594?
4
What is the tens digit of 790?
9
What is the thousands digit of 18301?
8
What is the tens digit of 48655?
5
What is the units digit of 5586?
6
What is the tens digit of 35489?
8
What is the hundreds digit of 21049?
0
What is the hundreds digit of 20615?
6
What is the tens digit of 505?
0
What is the ten thousands digit of 17988?
1
What is the tens digit of 959?
5
What is the hundreds digit of 12169?
1
What is the ten thousands digit of 78227?
7
What is the thousands digit of 1757?
1
What is the hundreds digit of 1869?
8
What is the units digit of 75?
5
What is the thousands digit of 7561?
7
What is the hundreds digit of 2420?
4
What is the hundreds digit of 131625?
6
What is the hundreds digit of 5181?
1
What is the thousands digit of 85847?
5
What is the units digit of 16332?
2
What is the hundreds digit of 7363?
3
What is the hundreds digit of 26653?
6
What is the hundreds digit of 14999?
9
What is the tens digit of 3126?
2
What is the units digit of 22611?
1
What is the tens digit of 288?
8
What is the ten thousands digit of 37419?
3
What is the units digit of 6283?
3
What is the units digit of 378?
8
What is the hundreds digit of 136?
1
What is the hundreds digit of 1150?
1
What is the units digit of 2496?
6
What is the ten thousands digit of 15913?
1
What is the tens digit of 708?
0
What is the hundreds digit of 19932?
9
What is the thousands digit of 24982?
4
What is the thousands digit of 35447?
5
What is the units digit of 7282?
2
What is the hundreds digit of 6762?
7
What is the tens digit of 2278?
7
What is the tens digit of 11111?
1
What is the units digit of 60?
0
What is the tens digit of 1009?
0
What is the units digit of 898?
8
W